{"id":1641,"date":"2020-04-03T13:16:00","date_gmt":"2020-04-03T12:16:00","guid":{"rendered":"https:\/\/anny-klawa-morf.ch\/?page_id=1641"},"modified":"2020-04-20T11:22:07","modified_gmt":"2020-04-20T10:22:07","slug":"ritratto","status":"publish","type":"page","link":"https:\/\/anny-klawa-morf.ch\/it\/fondazione\/ritratto\/","title":{"rendered":"Ritratto"},"content":{"rendered":"\n<figure class=\"wp-block-image\"><img loading=\"lazy\" decoding=\"async\" width=\"1920\" height=\"600\" src=\"https:\/\/anny-klawa-morf.ch\/wp-content\/uploads\/2020\/04\/Stiftung_Anny2_zugeschnitten.jpg\" alt=\"\" class=\"wp-image-1675\" srcset=\"https:\/\/anny-klawa-morf.ch\/wp-content\/uploads\/2020\/04\/Stiftung_Anny2_zugeschnitten.jpg 1920w, https:\/\/anny-klawa-morf.ch\/wp-content\/uploads\/2020\/04\/Stiftung_Anny2_zugeschnitten-300x94.jpg 300w, https:\/\/anny-klawa-morf.ch\/wp-content\/uploads\/2020\/04\/Stiftung_Anny2_zugeschnitten-768x240.jpg 768w, https:\/\/anny-klawa-morf.ch\/wp-content\/uploads\/2020\/04\/Stiftung_Anny2_zugeschnitten-1024x320.jpg 1024w\" sizes=\"auto, (max-width: 1920px) 100vw, 1920px\" \/><\/figure>\n\n\n\n<h2 class=\"wp-block-heading\">Anny Klawa-Morf&nbsp;<\/h2>\n\n\n\n<p>Anny Klawa-Morf nacque a Basilea nel 1894 e fu una figura importante del movimento socialista, oltre a essere nota per il suo impegno a favore dei diritti delle donne.<\/p>\n\n\n\n<p>Cresciuta in una famiglia di umili origini, gi\u00e0 dall\u2019et\u00e0 di 14 anni inizi\u00f2 a lavorare come operaia nell\u2019industria tessile. Frequent\u00f2 anche corsi all\u2019Universit\u00e0 di Zurigo. La giovane donna, avida di conoscenza, si impegn\u00f2 nel movimento operaio di Zurigo e soprattutto nel Consiglio della Giovent\u00f9 socialista, mantenendo anche stretti contatti con la socialdemocrazia svizzera. Nel 1912 contribu\u00ec a organizzare lo sciopero generale di Zurigo e negli anni della prima&nbsp;guerra mondiale sostenne le proteste del movimento operaio. Nel 1919 la giovane donna si rec\u00f2 a Monaco di Baviera, dove lavor\u00f2 come segretaria di Ernst Toller presso l\u2019ufficio dell\u2019Armata Rossa e assistette al crollo della Repubblica dei consigli di Monaco. Dal 1921 visse a Berna, dove nel 1922 spos\u00f2 il rivoluzionario e giornalista lettone Janis Klawa e nello stesso anno fond\u00f2 l\u2019organizzazione socialdemocratica degli Amici dell\u2019infanzia (Falchi rossi), che guid\u00f2 fino al 1967. Anny Klawa-Morf mor\u00ec a Berna nel 1993 all\u2019et\u00e0 di 100 anni.&nbsp;<\/p>\n\n\n\n<figure class=\"wp-block-embed-youtube wp-block-embed is-type-video is-provider-youtube wp-embed-aspect-16-9 wp-has-aspect-ratio\"><div class=\"wp-block-embed__wrapper\">\n<iframe loading=\"lazy\" title=\"Anny Klawa - Morf__Politische Aktivistin\" width=\"900\" height=\"506\" src=\"https:\/\/www.youtube.com\/embed\/nlQkwjKP8AY?feature=oembed\" frameborder=\"0\" allow=\"accelerometer; autoplay; encrypted-media; gyroscope; picture-in-picture\" allowfullscreen><\/iframe>\n<\/div><figcaption>Un contributo di Kristian Breitenbach alla vita di Anny-Klawa-Morf (in tedesco).<\/figcaption><\/figure>\n\n\n\n<h2 class=\"wp-block-heading\">Legata al partito e indipendente, collegata in tutta Europa<\/h2>\n\n\n\n<p>La Fondazione Anny Klawa-Morf \u00e8 stata costituita nel marzo 2019 dal PS Svizzera. Si considera una fondazione legata al partito, ma indipendente da esso. La sua attenzione si concentra sul lavoro politico relativo ai principi e alla formazione e quindi non esplicitamente sull\u2019attivit\u00e0 politica quotidiana. La Fondazione si astiene pertanto dal partecipare a campagne politiche, in particolare in caso di elezioni e votazioni.&nbsp;<\/p>\n\n\n\n<p>La Fondazione Anny Klawa-Morf \u00e8 membro della Foundation for <a href=\"https:\/\/www.feps-europe.eu\/\">European Progressive Studies<\/a>&nbsp;(FEPS). \u00c8 quindi collegata a una rete di oltre 40 organizzazioni socialdemocratiche.&nbsp;<\/p>\n\n\n\n<h2 class=\"wp-block-heading\">Istituzioni di formazione politica che condividono gli stessi valori<\/h2>\n\n\n\n<p>In tutta Europa sono attive fondazioni nell\u2019ambito della formazione politica.<\/p>\n\n\n\n<ul class=\"wp-block-list\"><li>Francia: <a href=\"https:\/\/jean-jaures.org\">Fondation Jean-Jaur\u00e8s<\/a><\/li><li>Germania: <a href=\"https:\/\/www.fes.de\">Friedrich-Ebert-Stiftung<\/a><\/li><li>Austria: <a href=\"http:\/\/ https:\/\/www.renner-institut.at\">Karl-Renner-Institut<\/a><\/li><li>Italia: <a rel=\"noreferrer noopener\" href=\"https:\/\/www.fondazionenenni.it\/\" target=\"_blank\">Fondazione Pietro Nenni<\/a>, <a rel=\"noreferrer noopener\" href=\"https:\/\/www.fondazionesocialismo.it\/\" target=\"_blank\">Fondazione Socialismo<\/a>, <a rel=\"noreferrer noopener\" href=\"http:\/\/www.censis.it\/\" target=\"_blank\">Censis<\/a><\/li><\/ul>\n","protected":false},"excerpt":{"rendered":"<p>Anny Klawa-Morf&nbsp; Anny Klawa-Morf nacque a Basilea nel 1894 e fu una figura importante del movimento socialista, oltre a essere nota per il suo impegno a favore dei diritti delle donne. Cresciuta in una famiglia di umili origini, gi\u00e0 dall\u2019et\u00e0 di 14 anni inizi\u00f2 a lavorare come operaia nell\u2019industria tessile. Frequent\u00f2 anche corsi all\u2019Universit\u00e0 di [&hellip;]<\/p>\n","protected":false},"author":1,"featured_media":0,"parent":1565,"menu_order":0,"comment_status":"closed","ping_status":"closed","template":"","meta":{"footnotes":""},"class_list":["post-1641","page","type-page","status-publish","hentry"],"aioseo_notices":[],"_links":{"self":[{"href":"https:\/\/anny-klawa-morf.ch\/it\/wp-json\/wp\/v2\/pages\/1641","targetHints":{"allow":["GET"]}}],"collection":[{"href":"https:\/\/anny-klawa-morf.ch\/it\/wp-json\/wp\/v2\/pages"}],"about":[{"href":"https:\/\/anny-klawa-morf.ch\/it\/wp-json\/wp\/v2\/types\/page"}],"author":[{"embeddable":true,"href":"https:\/\/anny-klawa-morf.ch\/it\/wp-json\/wp\/v2\/users\/1"}],"replies":[{"embeddable":true,"href":"https:\/\/anny-klawa-morf.ch\/it\/wp-json\/wp\/v2\/comments?post=1641"}],"version-history":[{"count":14,"href":"https:\/\/anny-klawa-morf.ch\/it\/wp-json\/wp\/v2\/pages\/1641\/revisions"}],"predecessor-version":[{"id":1942,"href":"https:\/\/anny-klawa-morf.ch\/it\/wp-json\/wp\/v2\/pages\/1641\/revisions\/1942"}],"up":[{"embeddable":true,"href":"https:\/\/anny-klawa-morf.ch\/it\/wp-json\/wp\/v2\/pages\/1565"}],"wp:attachment":[{"href":"https:\/\/anny-klawa-morf.ch\/it\/wp-json\/wp\/v2\/media?parent=1641"}],"curies":[{"name":"wp","href":"https:\/\/api.w.org\/{rel}","templated":true}]}}

<figure class="wp-block-image"><img loading="lazy" decoding="async" width="1920" height="600" src="https://anny-klawa-morf.ch/wp-content/uploads/2020/04/Stiftung_Anny2_zugeschnitten.jpg" alt="" class="wp-image-1675" srcset="https://anny-klawa-morf.ch/wp-content/uploads/2020/04/Stiftung_Anny2_zugeschnitten.jpg 1920w, https://anny-klawa-morf.ch/wp-content/uploads/2020/04/Stiftung_Anny2_zugeschnitten-300x94.jpg 300w, https://anny-klawa-morf.ch/wp-content/uploads/2020/04/Stiftung_Anny2_zugeschnitten-768x240.jpg 768w, https://anny-klawa-morf.ch/wp-content/uploads/2020/04/Stiftung_Anny2_zugeschnitten-1024x320.jpg 1024w" sizes="auto, (max-width: 1920px) 100vw, 1920px" /></figure>



<h2 class="wp-block-heading">Anny Klawa-Morf&nbsp;</h2>



<p>Anny Klawa-Morf nacque a Basilea nel 1894 e fu una figura importante del movimento socialista, oltre a essere nota per il suo impegno a favore dei diritti delle donne.</p>



<p>Cresciuta in una famiglia di umili origini, già dall’età di 14 anni iniziò a lavorare come operaia nell’industria tessile. Frequentò anche corsi all’Università di Zurigo. La giovane donna, avida di conoscenza, si impegnò nel movimento operaio di Zurigo e soprattutto nel Consiglio della Gioventù socialista, mantenendo anche stretti contatti con la socialdemocrazia svizzera. Nel 1912 contribuì a organizzare lo sciopero generale di Zurigo e negli anni della prima&nbsp;guerra mondiale sostenne le proteste del movimento operaio. Nel 1919 la giovane donna si recò a Monaco di Baviera, dove lavorò come segretaria di Ernst Toller presso l’ufficio dell’Armata Rossa e assistette al crollo della Repubblica dei consigli di Monaco. Dal 1921 visse a Berna, dove nel 1922 sposò il rivoluzionario e giornalista lettone Janis Klawa e nello stesso anno fondò l’organizzazione socialdemocratica degli Amici dell’infanzia (Falchi rossi), che guidò fino al 1967. Anny Klawa-Morf morì a Berna nel 1993 all’età di 100 anni.&nbsp;</p>



<figure class="wp-block-embed-youtube wp-block-embed is-type-video is-provider-youtube wp-embed-aspect-16-9 wp-has-aspect-ratio"><div class="wp-block-embed__wrapper">
<iframe loading="lazy" title="Anny Klawa - Morf__Politische Aktivistin" width="900" height="506" src="https://www.youtube.com/embed/nlQkwjKP8AY?feature=oembed" frameborder="0" allow="accelerometer; autoplay; encrypted-media; gyroscope; picture-in-picture" allowfullscreen></iframe>
</div><figcaption>Un contributo di Kristian Breitenbach alla vita di Anny-Klawa-Morf (in tedesco).</figcaption></figure>



<h2 class="wp-block-heading">Legata al partito e indipendente, collegata in tutta Europa</h2>



<p>La Fondazione Anny Klawa-Morf è stata costituita nel marzo 2019 dal PS Svizzera. Si considera una fondazione legata al partito, ma indipendente da esso. La sua attenzione si concentra sul lavoro politico relativo ai principi e alla formazione e quindi non esplicitamente sull’attività politica quotidiana. La Fondazione si astiene pertanto dal partecipare a campagne politiche, in particolare in caso di elezioni e votazioni.&nbsp;</p>



<p>La Fondazione Anny Klawa-Morf è membro della Foundation for <a href="https://www.feps-europe.eu/">European Progressive Studies</a>&nbsp;(FEPS). È quindi collegata a una rete di oltre 40 organizzazioni socialdemocratiche.&nbsp;</p>



<h2 class="wp-block-heading">Istituzioni di formazione politica che condividono gli stessi valori</h2>



<p>In tutta Europa sono attive fondazioni nell’ambito della formazione politica.</p>



<ul class="wp-block-list"><li>Francia: <a href="https://jean-jaures.org">Fondation Jean-Jaurès</a></li><li>Germania: <a href="https://www.fes.de">Friedrich-Ebert-Stiftung</a></li><li>Austria: <a href="http:// https://www.renner-institut.at">Karl-Renner-Institut</a></li><li>Italia: <a rel="noreferrer noopener" href="https://www.fondazionenenni.it/" target="_blank">Fondazione Pietro Nenni</a>, <a rel="noreferrer noopener" href="https://www.fondazionesocialismo.it/" target="_blank">Fondazione Socialismo</a>, <a rel="noreferrer noopener" href="http://www.censis.it/" target="_blank">Censis</a></li></ul>

<p>Anny Klawa-Morf&nbsp; Anny Klawa-Morf nacque a Basilea nel 1894 e fu una figura importante del movimento socialista, oltre a essere nota per il suo impegno a favore dei diritti delle donne. Cresciuta in una famiglia di umili origini, già dall’età di 14 anni iniziò a lavorare come operaia nell’industria tessile. Frequentò anche corsi all’Università di [&hellip;]</p>
