{"id":61,"date":"2019-09-12T15:05:47","date_gmt":"2019-09-12T15:05:47","guid":{"rendered":"https:\/\/anny-klawa-morf.ch\/?page_id=61"},"modified":"2025-03-11T16:10:04","modified_gmt":"2025-03-11T15:10:04","slug":"portrait","status":"publish","type":"page","link":"https:\/\/anny-klawa-morf.ch\/fr\/fondation\/portrait\/","title":{"rendered":"Portrait"},"content":{"rendered":"\n<h2 class=\"wp-block-heading\"> Anny&nbsp;Klawa-Morf  <\/h2>\n\n\n\n<p>Anny Klawa-Morf est n\u00e9e en 1894 \u00e0 B\u00e2le et a incarn\u00e9 une figure importante du mouvement socialiste. Elle est \u00e9galement connue pour son engagement en faveur des droits des femmes. <br>\nElle a grandi dans des conditions modestes et a d\u2019abord travaill\u00e9 d\u00e8s l\u2019\u00e2ge de 14 ans dans une usine textile. Elle a suivi en parall\u00e8le des cours \u00e0 l\u2019universit\u00e9 de Zurich. La jeune femme, avide de savoir, s\u2019est engag\u00e9e dans le mouvement ouvrier zurichois, notamment \u00e0 la t\u00eate de la jeunesse socialiste, et elle disposait d\u2019un excellent r\u00e9seau au sein de la social-d\u00e9mocratie suisse. En 1912, elle a particip\u00e9 \u00e0 l\u2019organisation de la gr\u00e8ve g\u00e9n\u00e9rale zurichoise, et dans les ann\u00e9es qui ont suivi la Premi\u00e8re Guerre mondiale, elle a aussi soutenu les protestations du mouvement ouvrier. En 1919, la jeune femme est all\u00e9e \u00e0 Munich. Anny y a travaill\u00e9 au bureau de l\u2019Arm\u00e9e rouge en tant que secr\u00e9taire d\u2019Ernst Toller et a v\u00e9cu l\u2019effondrement de la R\u00e9publique des conseils de Bavi\u00e8re. \u00c0 partir de 1921, elle a v\u00e9cu \u00e0 Berne. Elle y a \u00e9pous\u00e9 le r\u00e9volutionnaire et journaliste letton Janis Klawa en 1922 et la m\u00eame ann\u00e9e, elle a fond\u00e9 l\u2019organisation sociale-d\u00e9mocrate des amis des enfants (les Faucons rouges) qu\u2019elle a dirig\u00e9e jusqu\u2019en 1967. Anny Klawa-Morf s\u2019est \u00e9teinte en 1993 \u00e0 Berne, dans sa 100e ann\u00e9e.<\/p>\n\n\n\n<figure class=\"wp-block-embed is-type-video is-provider-youtube wp-block-embed-youtube wp-embed-aspect-16-9 wp-has-aspect-ratio\"><div class=\"wp-block-embed__wrapper\">\n<iframe loading=\"lazy\" title=\"Anny Klawa - Morf__Politische Aktivistin\" width=\"900\" height=\"506\" src=\"https:\/\/www.youtube.com\/embed\/nlQkwjKP8AY?feature=oembed\" frameborder=\"0\" allow=\"accelerometer; autoplay; encrypted-media; gyroscope; picture-in-picture\" allowfullscreen><\/iframe>\n<\/div><figcaption class=\"wp-element-caption\">Une contribution de Kristian Breitenbach \u00e0 la vie d&rsquo;Anny-Klawa-Morf (en allemand).<\/figcaption><\/figure>\n\n\n\n<h2 class=\"wp-block-heading\">Proche du parti et ind\u00e9pendante, avec son r\u00e9seau dans toute l\u2019Europe <\/h2>\n\n\n\n<p>La Fondation Anny-Klawa-Morf a \u00e9t\u00e9 fond\u00e9e en mars 2019 par le PS Suisse. Elle se consid\u00e8re comme une fondation ind\u00e9pendante, mais proche du PS Suisse. Elle se concentre sur le travail des fondamentaux et de l\u2019\u00e9ducation et, par cons\u00e9quent, en aucun cas sur le travail politique quotidien. C\u2019est pourquoi la Fondation renonce \u00e0 une participation aux campagnes politiques, notamment lors d\u2019\u00e9lections et de votes.<\/p>\n\n\n\n<p>La Fondation Anny-Klawa-Morf est membre de la <a aria-label=\"Foundation for European Progressive Studies (\u00f6ffnet in neuem Tab)\" href=\"https:\/\/www.feps-europe.eu\/\" target=\"_blank\" rel=\"noreferrer noopener\">Foundation for European Progressive Studies<\/a> (FEPS). Elle est ainsi rattach\u00e9e \u00e0 un r\u00e9seau comptant plus de 40 organisations sociales-d\u00e9mocrates.<\/p>\n\n\n\n<h2 class=\"wp-block-heading\">Institutions d\u2019\u00e9ducation politique partageant les m\u00eames valeurs<\/h2>\n\n\n\n<p>Des fondations \u0153uvrent dans le domaine de l\u2019\u00e9ducation politique dans toute l\u2019Europe.<\/p>\n\n\n\n<p class=\"has-text-align-center\">Allemagne: la <a href=\"https:\/\/www.fes.de\">Friedrich-Ebert-Stiftung<\/a> <\/p>\n\n\n\n<p class=\"has-text-align-center\">France: la <a href=\"https:\/\/jean-jaures.org\">Fondation Jean-Jaur\u00e8s<\/a><\/p>\n\n\n\n<p class=\"has-text-align-center\">Autriche: le <a href=\"http:\/\/ https:\/\/www.renner-institut.at\">Karl-Renner-Institut<\/a><\/p>\n\n\n\n<p class=\"has-text-align-center\">Italie: la <a href=\"https:\/\/www.fondazionenenni.it\/\">Fondazione Pietro Nenni<\/a>, la <a href=\"https:\/\/www.fondazionesocialismo.it\/\">Fondazione Socialismo<\/a>, <a href=\"http:\/\/www.censis.it\/\">Censis<\/a><\/p>\n\n\n\n<p><\/p>\n","protected":false},"excerpt":{"rendered":"<p>Anny&nbsp;Klawa-Morf Anny Klawa-Morf est n\u00e9e en 1894 \u00e0 B\u00e2le et a incarn\u00e9 une figure importante du mouvement socialiste. Elle est \u00e9galement connue pour son engagement en faveur des droits des femmes. Elle a grandi dans des conditions modestes et a d\u2019abord travaill\u00e9 d\u00e8s l\u2019\u00e2ge de 14 ans dans une usine textile. Elle a suivi en [&hellip;]<\/p>\n","protected":false},"author":1,"featured_media":248,"parent":53,"menu_order":0,"comment_status":"closed","ping_status":"closed","template":"","meta":{"footnotes":""},"class_list":["post-61","page","type-page","status-publish","has-post-thumbnail","hentry"],"aioseo_notices":[],"_links":{"self":[{"href":"https:\/\/anny-klawa-morf.ch\/fr\/wp-json\/wp\/v2\/pages\/61","targetHints":{"allow":["GET"]}}],"collection":[{"href":"https:\/\/anny-klawa-morf.ch\/fr\/wp-json\/wp\/v2\/pages"}],"about":[{"href":"https:\/\/anny-klawa-morf.ch\/fr\/wp-json\/wp\/v2\/types\/page"}],"author":[{"embeddable":true,"href":"https:\/\/anny-klawa-morf.ch\/fr\/wp-json\/wp\/v2\/users\/1"}],"replies":[{"embeddable":true,"href":"https:\/\/anny-klawa-morf.ch\/fr\/wp-json\/wp\/v2\/comments?post=61"}],"version-history":[{"count":12,"href":"https:\/\/anny-klawa-morf.ch\/fr\/wp-json\/wp\/v2\/pages\/61\/revisions"}],"predecessor-version":[{"id":7494,"href":"https:\/\/anny-klawa-morf.ch\/fr\/wp-json\/wp\/v2\/pages\/61\/revisions\/7494"}],"up":[{"embeddable":true,"href":"https:\/\/anny-klawa-morf.ch\/fr\/wp-json\/wp\/v2\/pages\/53"}],"wp:featuredmedia":[{"embeddable":true,"href":"https:\/\/anny-klawa-morf.ch\/fr\/wp-json\/wp\/v2\/media\/248"}],"wp:attachment":[{"href":"https:\/\/anny-klawa-morf.ch\/fr\/wp-json\/wp\/v2\/media?parent=61"}],"curies":[{"name":"wp","href":"https:\/\/api.w.org\/{rel}","templated":true}]}}

<h2 class="wp-block-heading"> Anny&nbsp;Klawa-Morf  </h2>



<p>Anny Klawa-Morf est née en 1894 à Bâle et a incarné une figure importante du mouvement socialiste. Elle est également connue pour son engagement en faveur des droits des femmes. <br>
Elle a grandi dans des conditions modestes et a d’abord travaillé dès l’âge de 14 ans dans une usine textile. Elle a suivi en parallèle des cours à l’université de Zurich. La jeune femme, avide de savoir, s’est engagée dans le mouvement ouvrier zurichois, notamment à la tête de la jeunesse socialiste, et elle disposait d’un excellent réseau au sein de la social-démocratie suisse. En 1912, elle a participé à l’organisation de la grève générale zurichoise, et dans les années qui ont suivi la Première Guerre mondiale, elle a aussi soutenu les protestations du mouvement ouvrier. En 1919, la jeune femme est allée à Munich. Anny y a travaillé au bureau de l’Armée rouge en tant que secrétaire d’Ernst Toller et a vécu l’effondrement de la République des conseils de Bavière. À partir de 1921, elle a vécu à Berne. Elle y a épousé le révolutionnaire et journaliste letton Janis Klawa en 1922 et la même année, elle a fondé l’organisation sociale-démocrate des amis des enfants (les Faucons rouges) qu’elle a dirigée jusqu’en 1967. Anny Klawa-Morf s’est éteinte en 1993 à Berne, dans sa 100e année.</p>



<figure class="wp-block-embed is-type-video is-provider-youtube wp-block-embed-youtube wp-embed-aspect-16-9 wp-has-aspect-ratio"><div class="wp-block-embed__wrapper">
<iframe loading="lazy" title="Anny Klawa - Morf__Politische Aktivistin" width="900" height="506" src="https://www.youtube.com/embed/nlQkwjKP8AY?feature=oembed" frameborder="0" allow="accelerometer; autoplay; encrypted-media; gyroscope; picture-in-picture" allowfullscreen></iframe>
</div><figcaption class="wp-element-caption">Une contribution de Kristian Breitenbach à la vie d&rsquo;Anny-Klawa-Morf (en allemand).</figcaption></figure>



<h2 class="wp-block-heading">Proche du parti et indépendante, avec son réseau dans toute l’Europe </h2>



<p>La Fondation Anny-Klawa-Morf a été fondée en mars 2019 par le PS Suisse. Elle se considère comme une fondation indépendante, mais proche du PS Suisse. Elle se concentre sur le travail des fondamentaux et de l’éducation et, par conséquent, en aucun cas sur le travail politique quotidien. C’est pourquoi la Fondation renonce à une participation aux campagnes politiques, notamment lors d’élections et de votes.</p>



<p>La Fondation Anny-Klawa-Morf est membre de la <a aria-label="Foundation for European Progressive Studies (öffnet in neuem Tab)" href="https://www.feps-europe.eu/" target="_blank" rel="noreferrer noopener">Foundation for European Progressive Studies</a> (FEPS). Elle est ainsi rattachée à un réseau comptant plus de 40 organisations sociales-démocrates.</p>



<h2 class="wp-block-heading">Institutions d’éducation politique partageant les mêmes valeurs</h2>



<p>Des fondations œuvrent dans le domaine de l’éducation politique dans toute l’Europe.</p>



<p class="has-text-align-center">Allemagne: la <a href="https://www.fes.de">Friedrich-Ebert-Stiftung</a> </p>



<p class="has-text-align-center">France: la <a href="https://jean-jaures.org">Fondation Jean-Jaurès</a></p>



<p class="has-text-align-center">Autriche: le <a href="http:// https://www.renner-institut.at">Karl-Renner-Institut</a></p>



<p class="has-text-align-center">Italie: la <a href="https://www.fondazionenenni.it/">Fondazione Pietro Nenni</a>, la <a href="https://www.fondazionesocialismo.it/">Fondazione Socialismo</a>, <a href="http://www.censis.it/">Censis</a></p>



<p></p>

<p>Anny&nbsp;Klawa-Morf Anny Klawa-Morf est née en 1894 à Bâle et a incarné une figure importante du mouvement socialiste. Elle est également connue pour son engagement en faveur des droits des femmes. Elle a grandi dans des conditions modestes et a d’abord travaillé dès l’âge de 14 ans dans une usine textile. Elle a suivi en [&hellip;]</p>
