{"id":47,"date":"2019-09-12T14:40:01","date_gmt":"2019-09-12T14:40:01","guid":{"rendered":"https:\/\/anny-klawa-morf.ch\/?page_id=47"},"modified":"2025-03-11T16:18:36","modified_gmt":"2025-03-11T15:18:36","slug":"contact","status":"publish","type":"page","link":"https:\/\/anny-klawa-morf.ch\/fr\/contact\/","title":{"rendered":"M\u00e9dias &#038; Contact"},"content":{"rendered":"\n<ul class=\"wp-block-list\">\n<li>Fondation Anny-Klawa-Morf<\/li>\n\n\n\n<li>Falkenplatz 11<\/li>\n\n\n\n<li>Case Postale<\/li>\n\n\n\n<li>3001 Berne<\/li>\n\n\n\n<li><a href=\"mailto:info@anny-klawa-morf.ch\">info@anny-klawa-morf.ch<\/a><\/li>\n\n\n\n<li><a href=\"tel:0313133325\">T: 031 302 56 82<\/a><\/li>\n<\/ul>\n\n\n\n<p><a href=\"https:\/\/mailchi.mp\/anny-klawa-morf.ch\/communique-de-presse\" target=\"_blank\" rel=\"noreferrer noopener\" aria-label=\"Commander les communiqu\u00e9s de presse (\u00f6ffnet in neuem Tab)\">Commander les communiqu\u00e9s de presse<\/a><\/p>\n\n\n\n<p><a href=\"https:\/\/mailchi.mp\/anny-klawa-morf.ch\/newsletter-fr\" target=\"_blank\" rel=\"noreferrer noopener\" aria-label=\"Commander la newsletter (\u00f6ffnet in neuem Tab)\">Commander la newsletter<\/a><\/p>\n\n\n\n<h2 class=\"wp-block-heading\">Communiqu\u00e9 de presse<\/h2>\n\n\n\n<div class=\"wp-block-file\"><a href=\"https:\/\/anny-klawa-morf.ch\/wp-content\/uploads\/2020\/11\/AKM_Communique-de-press_20201109.pdf\">09.11.2020: L\u2019entrepreneuriat social \u2013 le pouvoir de transformation pour une \u00e9conomie sociale solidaire<\/a><a href=\"https:\/\/anny-klawa-morf.ch\/wp-content\/uploads\/2020\/11\/AKM_Communique-de-press_20201109.pdf\" class=\"wp-block-file__button wp-element-button\" download>T\u00e9l\u00e9charger<\/a><\/div>\n\n\n\n<div class=\"wp-block-file\"><a href=\"https:\/\/anny-klawa-morf.ch\/wp-content\/uploads\/2019\/12\/191212_Medienmitteilung_FR-1.pdf\">12.12.2019: La Fondation Anny Klawa-Morf : la premi\u00e8re fondation politique de Suisse commencera ses activit\u00e9s op\u00e9rationnelles en 2020 <\/a><a href=\"https:\/\/anny-klawa-morf.ch\/wp-content\/uploads\/2019\/12\/191212_Medienmitteilung_FR-1.pdf\" class=\"wp-block-file__button wp-element-button\" download>T\u00e9l\u00e9charger<\/a><\/div>\n\n\n\n<p><\/p>\n","protected":false},"excerpt":{"rendered":"<p>Commander les communiqu\u00e9s de presse Commander la newsletter Communiqu\u00e9 de presse<\/p>\n","protected":false},"author":1,"featured_media":0,"parent":0,"menu_order":0,"comment_status":"closed","ping_status":"closed","template":"","meta":{"footnotes":""},"class_list":["post-47","page","type-page","status-publish","hentry"],"aioseo_notices":[],"_links":{"self":[{"href":"https:\/\/anny-klawa-morf.ch\/fr\/wp-json\/wp\/v2\/pages\/47","targetHints":{"allow":["GET"]}}],"collection":[{"href":"https:\/\/anny-klawa-morf.ch\/fr\/wp-json\/wp\/v2\/pages"}],"about":[{"href":"https:\/\/anny-klawa-morf.ch\/fr\/wp-json\/wp\/v2\/types\/page"}],"author":[{"embeddable":true,"href":"https:\/\/anny-klawa-morf.ch\/fr\/wp-json\/wp\/v2\/users\/1"}],"replies":[{"embeddable":true,"href":"https:\/\/anny-klawa-morf.ch\/fr\/wp-json\/wp\/v2\/comments?post=47"}],"version-history":[{"count":28,"href":"https:\/\/anny-klawa-morf.ch\/fr\/wp-json\/wp\/v2\/pages\/47\/revisions"}],"predecessor-version":[{"id":7504,"href":"https:\/\/anny-klawa-morf.ch\/fr\/wp-json\/wp\/v2\/pages\/47\/revisions\/7504"}],"wp:attachment":[{"href":"https:\/\/anny-klawa-morf.ch\/fr\/wp-json\/wp\/v2\/media?parent=47"}],"curies":[{"name":"wp","href":"https:\/\/api.w.org\/{rel}","templated":true}]}}

Médias &#038; Contact

<ul class="wp-block-list">
<li>Fondation Anny-Klawa-Morf</li>



<li>Falkenplatz 11</li>



<li>Case Postale</li>



<li>3001 Berne</li>



<li><a href="mailto:info@anny-klawa-morf.ch">info@anny-klawa-morf.ch</a></li>



<li><a href="tel:0313133325">T: 031 302 56 82</a></li>
</ul>



<p><a href="https://mailchi.mp/anny-klawa-morf.ch/communique-de-presse" target="_blank" rel="noreferrer noopener" aria-label="Commander les communiqués de presse (öffnet in neuem Tab)">Commander les communiqués de presse</a></p>



<p><a href="https://mailchi.mp/anny-klawa-morf.ch/newsletter-fr" target="_blank" rel="noreferrer noopener" aria-label="Commander la newsletter (öffnet in neuem Tab)">Commander la newsletter</a></p>



<h2 class="wp-block-heading">Communiqué de presse</h2>



<div class="wp-block-file"><a href="https://anny-klawa-morf.ch/wp-content/uploads/2020/11/AKM_Communique-de-press_20201109.pdf">09.11.2020: L’entrepreneuriat social – le pouvoir de transformation pour une économie sociale solidaire</a><a href="https://anny-klawa-morf.ch/wp-content/uploads/2020/11/AKM_Communique-de-press_20201109.pdf" class="wp-block-file__button wp-element-button" download>Télécharger</a></div>



<div class="wp-block-file"><a href="https://anny-klawa-morf.ch/wp-content/uploads/2019/12/191212_Medienmitteilung_FR-1.pdf">12.12.2019: La Fondation Anny Klawa-Morf : la première fondation politique de Suisse commencera ses activités opérationnelles en 2020 </a><a href="https://anny-klawa-morf.ch/wp-content/uploads/2019/12/191212_Medienmitteilung_FR-1.pdf" class="wp-block-file__button wp-element-button" download>Télécharger</a></div>



<p></p>

<p>Commander les communiqués de presse Commander la newsletter Communiqué de presse</p>
