{"id":45,"date":"2019-09-12T14:39:02","date_gmt":"2019-09-12T14:39:02","guid":{"rendered":"https:\/\/anny-klawa-morf.ch\/?page_id=45"},"modified":"2025-02-03T17:37:47","modified_gmt":"2025-02-03T16:37:47","slug":"impressum","status":"publish","type":"page","link":"https:\/\/anny-klawa-morf.ch\/fr\/impressum\/","title":{"rendered":"Impressum"},"content":{"rendered":"\n<h3 class=\"wp-block-heading\">Concept et r\u00e9daction<\/h3>\n\n\n\n<p>Fondation Anny Klawa-Morf<\/p>\n\n\n\n<h3 class=\"wp-block-heading\">Conception<\/h3>\n\n\n\n<p>CRK<br><a aria-label=\"www.cr-k.ch (\u00f6ffnet in neuem Tab)\" href=\"https:\/\/cr-k.ch\/de\/\" target=\"_blank\" rel=\"noreferrer noopener\">www.cr-k.ch<\/a><\/p>\n\n\n\n<h3 class=\"wp-block-heading\">Mise en \u0153uvre technique <\/h3>\n\n\n\n<p>Y7K GmbH<br>Lavaterstrasse 61<br>8002 Z\u00fcrich<\/p>\n\n\n\n<h3 class=\"wp-block-heading\"> Illustrations<\/h3>\n\n\n\n<p>Page d&rsquo;accueil: Christof Kleger via <a href=\"https:\/\/www.flickr.com\/photos\/sajv_csaj\/31164426037\/in\/album-72157698250521980\" target=\"_blank\" rel=\"noreferrer noopener\">Flick<\/a><br>Th\u00e8mes\/Comprendre le pr\u00e9sent :  <a href=\"https:\/\/climatestrike.ch\/\" target=\"_blank\" rel=\"noreferrer noopener\">www.climatestrike.ch<\/a>, Gr\u00e8ve du Climat du 24.05.2019<br>Th\u00e8mes\/Renforcer la d\u00e9mocratie :  <a href=\"https:\/\/www.landsgemeinde.gl.ch\/landsgemeinde\/2019\">https:\/\/www.landsgemeinde.gl.ch\/landsgemeinde\/2019<\/a>,  Landsgemeinde de Glaris 09.05.2019, Photographe : Sasi Subramaniam<br>Fondation\/Portrait: Archives Sociales Suisse, Banque d&rsquo;image, Image + Son<\/p>\n","protected":false},"excerpt":{"rendered":"<p>Concept et r\u00e9daction Fondation Anny Klawa-Morf Conception CRKwww.cr-k.ch Mise en \u0153uvre technique Y7K GmbHLavaterstrasse 618002 Z\u00fcrich Illustrations Page d&rsquo;accueil: Christof Kleger via FlickTh\u00e8mes\/Comprendre le pr\u00e9sent : www.climatestrike.ch, Gr\u00e8ve du Climat du 24.05.2019Th\u00e8mes\/Renforcer la d\u00e9mocratie : https:\/\/www.landsgemeinde.gl.ch\/landsgemeinde\/2019, Landsgemeinde de Glaris 09.05.2019, Photographe : Sasi SubramaniamFondation\/Portrait: Archives Sociales Suisse, Banque d&rsquo;image, Image + Son<\/p>\n","protected":false},"author":1,"featured_media":0,"parent":0,"menu_order":0,"comment_status":"closed","ping_status":"closed","template":"","meta":{"footnotes":""},"class_list":["post-45","page","type-page","status-publish","hentry"],"aioseo_notices":[],"_links":{"self":[{"href":"https:\/\/anny-klawa-morf.ch\/fr\/wp-json\/wp\/v2\/pages\/45","targetHints":{"allow":["GET"]}}],"collection":[{"href":"https:\/\/anny-klawa-morf.ch\/fr\/wp-json\/wp\/v2\/pages"}],"about":[{"href":"https:\/\/anny-klawa-morf.ch\/fr\/wp-json\/wp\/v2\/types\/page"}],"author":[{"embeddable":true,"href":"https:\/\/anny-klawa-morf.ch\/fr\/wp-json\/wp\/v2\/users\/1"}],"replies":[{"embeddable":true,"href":"https:\/\/anny-klawa-morf.ch\/fr\/wp-json\/wp\/v2\/comments?post=45"}],"version-history":[{"count":10,"href":"https:\/\/anny-klawa-morf.ch\/fr\/wp-json\/wp\/v2\/pages\/45\/revisions"}],"predecessor-version":[{"id":7330,"href":"https:\/\/anny-klawa-morf.ch\/fr\/wp-json\/wp\/v2\/pages\/45\/revisions\/7330"}],"wp:attachment":[{"href":"https:\/\/anny-klawa-morf.ch\/fr\/wp-json\/wp\/v2\/media?parent=45"}],"curies":[{"name":"wp","href":"https:\/\/api.w.org\/{rel}","templated":true}]}}

<h3 class="wp-block-heading">Concept et rédaction</h3>



<p>Fondation Anny Klawa-Morf</p>



<h3 class="wp-block-heading">Conception</h3>



<p>CRK<br><a aria-label="www.cr-k.ch (öffnet in neuem Tab)" href="https://cr-k.ch/de/" target="_blank" rel="noreferrer noopener">www.cr-k.ch</a></p>



<h3 class="wp-block-heading">Mise en œuvre technique </h3>



<p>Y7K GmbH<br>Lavaterstrasse 61<br>8002 Zürich</p>



<h3 class="wp-block-heading"> Illustrations</h3>



<p>Page d&rsquo;accueil: Christof Kleger via <a href="https://www.flickr.com/photos/sajv_csaj/31164426037/in/album-72157698250521980" target="_blank" rel="noreferrer noopener">Flick</a><br>Thèmes/Comprendre le présent :  <a href="https://climatestrike.ch/" target="_blank" rel="noreferrer noopener">www.climatestrike.ch</a>, Grève du Climat du 24.05.2019<br>Thèmes/Renforcer la démocratie :  <a href="https://www.landsgemeinde.gl.ch/landsgemeinde/2019">https://www.landsgemeinde.gl.ch/landsgemeinde/2019</a>,  Landsgemeinde de Glaris 09.05.2019, Photographe : Sasi Subramaniam<br>Fondation/Portrait: Archives Sociales Suisse, Banque d&rsquo;image, Image + Son</p>

<p>Concept et rédaction Fondation Anny Klawa-Morf Conception CRKwww.cr-k.ch Mise en œuvre technique Y7K GmbHLavaterstrasse 618002 Zürich Illustrations Page d&rsquo;accueil: Christof Kleger via FlickThèmes/Comprendre le présent : www.climatestrike.ch, Grève du Climat du 24.05.2019Thèmes/Renforcer la démocratie : https://www.landsgemeinde.gl.ch/landsgemeinde/2019, Landsgemeinde de Glaris 09.05.2019, Photographe : Sasi SubramaniamFondation/Portrait: Archives Sociales Suisse, Banque d&rsquo;image, Image + Son</p>
